k**3/3 + 3*k**2. What is the units digit of m(1)?
1
Suppose p + 4*x - 30 = 0, -2*x + 0*x = 2*p - 42. Let c = p + -8. Suppose 2*n = 4*n - c. What is the units digit of n?
5
Suppose -t - 2*t = -66. Let q(f) = 6*f - 3. Let d be q(3). Let i = t - d. What is the units digit of i?
7
Let i(w) = 5*w - 1. Let l be i(-1). Let c be (-27)/6*l - 2. Suppose -20 = -5*q + c. What is the units digit of q?
9
Let f(t) = t**3 + 4*t**2 + 2*t - 2. Let p be 5/(15/(-6)) + 15. Suppose -z + 3*y = 1 + p, 12 = 4*z + 5*y. What is the units digit of f(z)?
2
Let w(k) = k**3 + 4*k**2 - 7*k - 5. Let u be w(-5). Suppose -u*q - 69 = -3*z, 0 = -2*z + 5*q + 7 + 39. What is the tens digit of z?
2
Suppose 0 = z - 3*z - 18. Let q = z + 57. What is the tens digit of q?
4
Let y(p) = -3*p**3 - 3*p**2 - 2*p - 3. Suppose -w = -2*b + 6 - 1, 5*w - 27 = -3*b. Let n = b + -6. What is the units digit of y(n)?
3
What is the hundreds digit of 3 + 2/6*339?
1
Suppose -4*x + 714 = 2*x. What is the tens digit of x?
1
Let x be (-1)/(((-2)/(-12))/1). Let q be 1 - 0 - (-1 + -15). Let w = x + q. What is the tens digit of w?
1
Let g = 21 + 28. What is the units digit of g?
9
Let k(f) = 2*f**2 + f - 4. Suppose -4 = 4*y + 8. What is the units digit of k(y)?
1
Suppose 3 = -2*a - a. Let d be a/(-4) - (-35)/20. Suppose 2*k - 30 = -5*h, -d*h + 7 + 11 = 2*k. What is the units digit of k?
5
Let l(r) = 2*r + 9. Let c be l(-7). Let x be 50/(-3)*24/c. Suppose -4*t = -0*t - 3*a - x, 0 = -t - a + 13. What is the units digit of t?
7
Let k(v) = -3*v - 4. Let s = 1 + 1. Suppose 4*w - w + 18 = -3*t, -15 = 3*t + s*w. What is the units digit of k(t)?
5
Let g = 131 + -51. What is the tens digit of g?
8
Let t(u) = -8*u - 1 - u + 2*u. Let h be (-52)/234 + 1/((-9)/7). What is the units digit of t(h)?
6
Let d = -4 + 8. Let i(j) = -j**3 + 6*j**2 - 2*j - 2. What is the units digit of i(d)?
2
Suppose 0 = 5*c + 33 - 108. What is the units digit of (108/c)/((-4)/(-10))?
8
Let v(q) = q**2 + 4*q + 3. Let w be v(-4). Suppose -t - 34 = -w*t. What is the tens digit of t?
1
Let d(o) = 2*o**2 - 7*o - 20. What is the units digit of d(-6)?
4
Let f = 225 - 158. What is the units digit of f?
7
Suppose -n = x - 6, 7*n = 2*n + 2*x + 9. Suppose -j - n*j = -12. What is the units digit of j?
3
Let o be 2/(-1)*(-130)/20. Let r = -9 + o. What is the units digit of r?
4
Suppose -5*i = -11 + 1. Suppose -5*g + 5*b = -50, -i*g = 3*b - b - 8. What is the units digit of g?
7
Let f = 460 + -269. What is the hundreds digit of f?
1
Suppose -152 = -3*x + k, 4*x + k = -0*k + 205. What is the tens digit of x?
5
Suppose x = 5*w + 6, -2*w - 18 = -3*x - 3*w. Suppose -40 = -2*p - h + x*h, 2*p = -5*h. Suppose -3*i + p = 2*i. What is the units digit of i?
2
Suppose -4*n = -5*h - 62, 19 = -0*n + n - 3*h. What is the units digit of n?
3
Suppose -2*l = -v + 43, 0*l - 4*l + 3*v - 83 = 0. Let c = -11 - l. What is the tens digit of c?
1
Let p = 11 + -15. Let i = p - -13. What is the units digit of i?
9
Let a be (3 - 7) + 6/1. What is the units digit of (-266)/(-21) - a/3?
2
Let k(v) be the second derivative of 1/12*v**4 - 3*v + 0 + 0*v**3 - 2*v**2. What is the units digit of k(3)?
5
Let m(q) = -2*q**3 - 25*q**2 + 15*q + 18. What is the hundreds digit of m(-14)?
3
Let o(t) = 5*t - 2. What is the tens digit of o(6)?
2
What is the units digit of (-2)/(-13) + 10878/273?
0
Let b(g) = g**2 - 6*g - 8. Let r be b(8). Suppose 4*m + 0*m + r = 0, -y = -3*m - 10. What is the units digit of y?
4
Let s(p) = 19*p - 3. What is the tens digit of s(5)?
9
Suppose -4*l + 5*l = 0. Suppose -3*g - 5 + 23 = l. Let y = g - 2. What is the units digit of y?
4
Suppose 5*o - 145 = 2*u, 4*o + 0*u = -2*u + 134. What is the units digit of o?
1
Let x = -5 - -7. Suppose 0*v - 16 = x*v. What is the units digit of (3/2)/((-12)/v)?
1
Let l = -3 - -5. Suppose 5 = -p - 0*p, -2*t - 4*p + 10 = 0. Suppose l*x = -x + t. What is the units digit of x?
5
Suppose 18*q - 6 = 15*q. What is the tens digit of (1/q)/((-3)/(-186))?
3
Let s(a) = -a**3 + 5*a**2 + 10*a + 6. What is the units digit of s(6)?
0
Let f(g) be the third derivative of -g**4/24 - g**3/2 + 2*g**2. Let z be f(-7). Suppose 1 = d - 3*p, -p - 11 = -2*d - z. What is the units digit of d?
4
Let y(j) = 3*j - 5. Let f be y(4). Suppose -3*d + f*d = -36. Let l = d + 14. What is the units digit of l?
5
Let g be -10 - (2 - 4 - -5). Let z = g - -28. What is the tens digit of z?
1
Let j be (-2611)/(-42) + (-1)/6. Let f = j + -37. What is the tens digit of f?
2
Let i(c) = -c**3 - 5*c**2 - 6*c - 6. Let k be i(-4). Suppose k*h - 2*j = 10, j + 19 = 3*h - 3*j. What is the units digit of h?
1
Let a(z) = z**2 + 13*z + 4. Suppose 22 + 4 = -2*o. What is the units digit of a(o)?
4
Let w = 8 - 18. What is the units digit of w/(-3)*6/4?
5
Suppose -3*k = -0*k. Suppose 5*o = -k*o + 25. Suppose 2*f - 5*g = -17, 4*f = o*f + 5*g - 29. What is the units digit of f?
4
Let m be (3/(-1))/(3/(-3)). Suppose 0 = f - m*d - 2 - 3, d + 31 = 4*f. What is the units digit of f?
8
Let v(c) = 3*c - 25. Let h(i) = -5*i + 38. Let x(l) = 5*h(l) + 8*v(l). What is the units digit of x(-13)?
3
Suppose -5*r - q + 36 = -2*r, 3*q = r - 2. What is the units digit of r?
1
Suppose -6*t = -t - 90. What is the units digit of t?
8
Let h = 11 + -21. Let r be (h/3)/((-2)/3). Let m = -3 + r. What is the units digit of m?
2
Let r(b) = b + 16. Let z be r(-14). Let c = 6 - z. What is the units digit of c?
4
Suppose q - 3*w + 12 = 6*q, 4*w = 16. Let h be (-3)/(((-27)/24)/3). Suppose f - h + 1 = q. What is the units digit of f?
7
Let l(o) = -44*o. Let w be l(-1). Suppose -5*k = -k - w. What is the tens digit of k?
1
Let o(u) = 102*u - 15. What is the units digit of o(2)?
9
Let z = 6 - 3. Let x be ((2 - 2)/2)/(-2). What is the units digit of (x - z)*12/(-9)?
4
Let x = -2 + 5. Suppose -13 = w + x*p, -18 = w + 2*p + 2*p. Suppose -w*a = -a + 5, 2 = 2*v + 2*a. What is the units digit of v?
6
Suppose 4*j - 33 = -5. Suppose -4*q + j + 1 = 0. Suppose -3*k + 30 = q*k. What is the units digit of k?
6
Let n(g) = 7*g - 7. Let h(u) = -3*u + 3. Let w(a) = 5*h(a) + 2*n(a). Let t(x) = -4*x + 6. Let r(s) = t(s) - 5*w(s). What is the units digit of r(1)?
2
Let i(r) = r + 95. Let y be i(0). Suppose 2*o - y = -3*o. Suppose -5*q = 2*f - 5*f - 9, -3*q + o = 5*f. What is the units digit of q?
3
Suppose 3*s + 13 = -5. Let n(a) = -a**2 - 9*a + 5. What is the tens digit of n(s)?
2
Let c = -7 + 4. What is the units digit of (0 - c)*(-2)/(-3)?
2
Let k(m) = -14*m + 5. Let o(b) = 21*b - 7. Let z(h) = 7*k(h) + 5*o(h). Let p be z(1). Suppose -p = -5*w - 2. What is the units digit of w?
1
What is the units digit of (-1)/(-5) + 836/20?
2
Let r = -6 - -12. Suppose 3*b = -0*b + r. What is the units digit of b?
2
Let u(j) = -3*j - 6. Let c be 2*9/(-3) - -1. What is the units digit of u(c)?
9
Let p(d) = -d**3 - 3*d**2 - 3*d + 1. What is the units digit of p(-4)?
9
Suppose -3*n = -4*p + 42, -4*p + 2*n + 1 + 39 = 0. Suppose b + p = 2*b. What is the units digit of 4/(-6) - (-69)/b?
7
Let r = 10 + -5. Suppose 0 = -5*y - 2*b + 21, -r + 23 = 5*y + b. Suppose 5*s - 5*f = 5, -y*f = 5*s - 2*f - 5. What is the units digit of s?
1
Suppose -2*d + 4 = -0. Suppose 5*v = -3*i, -d*i = -3*v - i. Suppose p - 3 - 8 = v. What is the tens digit of p?
1
Let t(z) = -25*z**3 - z**2. Let j be t(-1). Let s be -6*(2 + j/(-9)). Suppose s*c - 16 = 3*l, -c + 3*l + 5 + 8 = 0. What is the units digit of c?
1
Suppose 0 = -4*k + 41 + 119. What is the tens digit of k?
4
Let q(s) = -s - 1. Suppose -3*t + r - 8 = -0*r, 3*r = 3*t + 18. Let p(v) = -v - 15. Let c(m) = t*p(m) + 2*q(m). What is the units digit of c(6)?
7
Suppose 5*c - 46 = -3*h, 3*h - 9 = -c + 5. Let s be -2 - -1 - (3 + -9). Suppose 57 = s*w - c. What is the tens digit of w?
1
Suppose -3*r = -l - 36, 4*r - 4 = l + 44. What is the units digit of r?
2
Suppose -237 = -9*j + 8*j. What is the units digit of j?
7
Suppose 11 = -4*m + 27. Suppose 0 = 5*x - 2*f - 8, -m*x - x + 12 = 2*f. Suppose -x*c - 6 = -5*c. What is the units digit of c?
2
Suppose 4*w - 8 = 0, -3*z - 3*w = -2*w - 86. What is the units digit of z?
8
Suppose -a + 4*b + 17 = 4*a, 3*a - 5*b - 5 = 0. Let d = -3 + a. What is the units digit of d?
2
Let m(a) be the first derivative of -a**2/2 - a + 6. What is the units digit of m(-4)?
3
Suppose -2*f = 3*k + k - 8, 5*f + 7 = 